+ 28.
17
What is the value of (13 + 1 + -5 - 7) + -6?
-4
Calculate (-2149 - -2142) + (0 - (0 + 1)) + -3.
-11
Calculate -15 + 34 - (-36 + 52).
3
Evaluate -7 + (3 - 3) + -6 + 4.
-9
What is the value of (-237 - -255) + -9 + 1 + -2 + -30?
-22
What is the value of 100 + -90 - (21 + 1) - -5?
-7
What is (7 - 24) + (44 - 29)?
-2
What is (0 - 7) + 2 + 16 + -13?
-2
What is the value of -99 + 89 + (1 - -1) + -16?
-24
Evaluate -48 - -80 - (36 - 3).
-1
What is the value of -2 + 4 + -4 - (-4 + 4 + 4)?
-6
Calculate 21 + (-11 - -6) - (1 - -8).
7
What is (-9 + 8 - -26) + -14?
11
What is 3 - (-5 - 0) - (7 - 9)?
10
What is -2 - (-6 - (-1 + -12 - -2))?
-7
Evaluate -1 + -6 - (13 + -8 + -9).
-3
What is the value of -11 + (11 - 4) - (-14 - -3)?
7
What is the value of 14 - 11 - 11 - 3?
-11
Evaluate 10 + -17 + -6 + 10 - -1.
-2
Evaluate -217 + 238 + -3 + 1.
19
What is the value of -5 + 4 + -8 + -29 + 52?
14
Evaluate -6 + (23 - -3 - 42).
-22
-76 - -68 - ((-8 - -3) + 2)
-5
What is 18 - ((-12 - -15) + 21)?
-6
What is -1 + 21 - 13 - (2 - (2 - -4))?
11
Calculate (-13 - (3 + -8)) + 4 - (-15 - -3).
8
Evaluate (-5 - 0) + 0 - (21 + -20 + 1).
-7
What is -13 - ((36 - 16) + -46)?
13
What is -1 + (0 + -4 + -4 + 6 - 6)?
-9
What is 13 - -2 - -2 - (-185 - -192)?
10
22 + -8 - (-2 - (4 - 5))
15
What is -2 - (-9 + 3) - 10?
-6
Calculate (1 - 3) + 0 + -9 + -7 - 1.
-19
-214 - -208 - (0 - (5 + -4))
-5
(6 - 8) + (-2 - 12) - 0
-16
Calculate (-1 + -25 - -27) + -10.
-9
Evaluate 3 + 25 + (-8 - 28).
-8
What is -3087 + 3143 + (0 - 33)?
23
What is 6 - ((-6 - -4) + 31)?
-23
What is -3 + (7 - (-14 + 31))?
-13
What is -7 - 0 - (-11 - -17)?
-13
What is the value of 8 - 20 - 6 - (-2 + -3 + 0)?
-13
-12 + -8 - -10 - -18 - 34
-26
Calculate -23 + -14 + 18 + 10.
-9
What is the value of -21 - (-4 - 22 - -16)?
-11
What is 29 + (-64 - -17) - (1 + -10)?
-9
Calculate -44 - -30 - (-15 + -3) - 31.
-27
What is the value of -35 - -17 - (-18 - -7)?
-7
Evaluate 1 + -15 - (8 + -10).
-12
0 - -17 - (-459 - -487)
-11
What is the value of (-55 - -71) + 3 + 0 + 0?
19
Calculate 6 + (-5 - (-9 + 2 + 4)).
4
Evaluate 16 + -11 + -7 + 3 + 5.
6
(2 - (2 + -6)) + (7 + -2 - -1)
12
28 - 43 - (3 - 12)
-6
What is -12 + 12 - (-1 + 4 + 80 + -78)?
-5
Calculate 0 + -6 + (-2 - (13 + 2 + -25)).
2
What is 8 + 4 + -1 + -5 - (8 - -2)?
-4
What is 2 - (2 - -6) - (4 - 5 - -5)?
-10
Calculate -20 - -17 - (-4 + (-2 - -2) + -3).
4
-43 + 26 + -2 + (8 - -5) + -4
-10
What is the value of -4 - (-3 + (-27 + 30 - (-4 - 1)))?
-9
(-1 - 5) + (-27 - -17)
-16
Calculate -327 - -305 - (2 + -4).
-20
What is -1 + -9 + (-18 - -26) + 0 - 7?
-9
What is the value of -5 - (-10 + (-12 - -18)) - (-6 + 1)?
4
Evaluate 0 - -12 - (-20 - (-22 - -10)).
20
Calculate (-2 - 7) + -4 + (0 - -1) + -4.
-16
What is (0 - 1 - 5) + -156 + 160?
-2
What is the value of -4 + 0 + -99 + 45 + 68?
10
5 + -64 + 29 + 49
19
What is (2 - 6) + 4 + -5 + -1?
-6
What is (-654 - -649) + (7 - 1)?
1
Evaluate (10 + -10 - -6) + 4.
10
What is (2 - 0) + -4 + 8 + (-8189 - -8150)?
-33
What is the value of 5 + -28 - (-88 - -55)?
10
What is 5 + 10 + -10 + 2 + 8?
15
What is 18 + (-33 - -8) + 0?
-7
Calculate 0 + 0 + 1 + (509 - 516) + 4.
-2
15 - 9 - -4 - 20
-10
What is (2 - 4) + (0 - 17) - (148 + -154)?
-13
What is (-15 - -17 - ((-1 - -3) + -3)) + 15?
18
What is the value of -34 + 0 + 14 + -12?
-32
What is 7 + (4 - 2) - (-5 - 1)?
15
Evaluate (-7 - (-17 - ((10 - 23) + 3))) + -15.
-15
Calculate 1 - ((-5 - (-3 + 5)) + 15).
-7
What is 2 + -16 + 2 + -1 + 7 + -5?
-11
-5 - ((-7 - (-3 + 2 - -6)) + 5)
2
What is (-3 - 0 - 3) + 14 + 1?
9
-11 + (-4 - -12) - 4
-7
What is -37 + -22 + 52 - 22?
-29
Calculate -40 - (27 - 9 - 40).
-18
What is the value of 36 + -27 - (4 + -3 + 18)?
-10
What is 0 - (-3 + 10) - (-8 - -7)?
-6
Calculate (-122 + 135 - (-1 - -34)) + 9.
-11
-19 + 28 + -30 + 7
-14
Evaluate -10 + 26 + -7 + -8 - (-1 + 9).
-7
What is the value of -5 - 1 - (5 + -1 + 123 + -119)?
-14
Evaluate -9 + (3 + 1 - (-6 - 4)).
5
What is the value of -2 + -33 + (1 - -16) + -41 + 27?
-32
What is the value of 2588 + -2566 - (-3 - -2 - (-3 + 1))?
21
Evaluate 8 + 1 + -1 + (67 - 21 - 47).
7
Calculate -3 + (1 - -11 - (52 + -24)).
-19
Evaluate (19 + -2 - 13) + (-2 - -5).
7
Calculate 10 + (-6 - -10) + -40.
-26
Evaluate 2 + -1 + (-295 - -281).
-13
34 + (-99 - -27) + 40
2
Calculate 1 - -3 - (2 - -12 - (8 + -13)).
-15
Evaluate -3 + 1 + 1 - (5 + -18 + -2).
14
What is 1 - 1 - 13 - (-399 - -405)?
-19
Evaluate 1 + 5 + (-11 - -3) + (19 - 19).
-2
9 + (12 + -3 - 20) + 3
1
8 - 0 - (-33 + 24) - (2 - 9)
24
Calculate -7 + (11 + -29 - -21) + (-19 - -1).
-22
What is (-187 + 187 - (-1 + -1 + 6)) + 14?
10
What is the value of (-3 - ((5 - 3) + 2)) + 3 - -2?
-2
Evaluate 1 + -31 - (-12 - 2) - -16.
0
What is the value of 51 + -38 + (-3 - 4) - 11?
-5
Calculate -5 + (-2 - -3) + 15.
11
Evaluate 0 - (27 + (-27 - -20)).
-20
Calculate 1 - 2 - (2 + 3 + (7 - 10)).
-3
Calculate 0 - 1 - 0 - (-5 - (-5 - 2)).
-3
-3 - (2 + 4) - -12
3
Evaluate (-6 + 6 - (-3 + (3 - 2))) + 2.
4
4 - (-7 + 9 + -2 - -22)
-18
What is (1 - -17) + -10 - 9 - 8?
-9
Evaluate -54 - -50 - (2 + -9) - (7 - 2).
-2
Calculate -6 + (-5 - -6) + (6 - 18 - -1).
-16
What is the value of 16 - (25 - -12) - (-3 + 12)?
-30
What is the value of 6 - (4 - (-14 + 3)) - (2 - -4)?
-15
-62 + 45 - (-1 + -27)
11
Calculate 1 - -20 - ((-13 - -18) + 4 - 0).
12
Calculate -4 - (-26 + -1) - 27.
-4
-28 + 16 + 15 - (0 + -5)
8
1656 + -1640 - (49 + 0)
-33
Calculate 629 + -634 + (2 - (-2 + 2) - -3).
0
What is the value of 147 + -147 + (-3 + 0 - 4)?
-7
What is -33 - ((10 - 9 - -4) + -1 - 12)?
-25
What is the value of (-4 - -35 - 8) + -18?
5
Calculate 2 + 13 + 301 + -318.
-2
Evaluate -12 - (-10 + 15 + -4 - 8) - 0.
-5
What is -1 + -2 + 1 + 0 + -1860 + 1861?
-1
Evaluate 1 + -1 + -4 + -2 + 12 - -5.
11
Evaluate 17 - 1 - (-18 + (20 - -3 - 8)).
19
What is 16 + 0 + -61 + 57 + 12?
24
Evaluate 2 + (10 - (2 + 0) - (166 + -170)).
14
What is 2 + 0 + -25 - ((-5 - 27) + 28)?
-19
Calculate (9 - 11 - (3 - 24)) + -3 + 10.
26
What is the value of (11 + -4 + 3 - (-41 + 33)) + 1?
19
What is (5 - (6 + -3)) + -5 - (-7 - 1)?
5
What is the value of (-20 - -7 - -4) + -2 + 2?
-9
Calculate -7 + (2 - (2 + 10) - -3) + -2.
-16
Evaluate -15 - ((20 - 10) + 1 + -9).
-17
-38 + 9 + -5 - (-6 + 0 + 1)
-29
What is the value of 25 + (-3 - -1) - (56 + -47)?
14
-26 - (44 - (34 + 14))
-22
What is 3 - -1 - -14 - (-8 + -6 + 22)?
10
Calculate -10 + -11 + 17 - 0 - (0 - 1).
-3
16 + -28 + (62 - 29)
21
Evaluate (7 - 2) + -6 + (-13 - -3) + 1.
-10
Calculate -1309 + 1332 - (48 - -1).
-26
Evaluate (13 - 1 - (14 - 2)) + 11.
11
Calculate 0 + -1 + (34 - (-36 - -55)).
14
Evaluate 5 - (-5 + (7 - (-3 + (-6 - -8)))).
2
-2 + -1 + 36 + -42 + 2 + -3
-10
Calculate (-8 - 0) + (-1 - (-6 - (-21 + 14))).
-10
What is the value of 0 - (-3 + (1 - (-2 - 4)) + 6)?
-10
What is the value of (-17 - 4 - -30) + -11?
-2
What is (34 - 11) + (8 - -1) + 6?
38
What is the value of -13 + -4 + 7 + 1 + 19 - 7?
3
Evaluate (8 - (0 + 1)) + 25 + (58 - 84).
6
What is (7 - 0) + -14 - -7 - 2?
-2
What is the value of (-19 + -1 + 9 - -7) + (1 - 3)?
-6
What is the value of 7 + (14 - ((5 - 24) + 9))?
31
What is the value of 10 - (-6 - -19) - (1 + -5)?
1
Calculate 5 + (4 - 6) - 2 - (2 + 9).
-10
Calculate 11 - (1 - (-3 - (1 + 2 + 0))).
4
What is (2 - 17) + (4 - 3) + 37?
23
Calculate 369 + -363 - (11 + 1).
-6
Calculate -5 + -3 - -23 - 16.
-1
What is -24 - (-2 - (5 + 28))?
11
What is -21 + 11 + 13 - (2 + 2)?
-1
Calculate (-59 - -38) + (0 - 3) + 4 + 6.
-14
What is the value of 29 + (7 + -6 - 14) + -12?
4
9 - (67 + -60 - (0 + 11))
13
Calculate -19 + 15 + -8 + -11 - (10 + -5).
-28
Evaluate 9 - -4 - -9 - 17.
5
What is the value of 9 + (-6 - (0 - 16))?
19
-9 - -9 - -9 - 21
-12
Calculate -24 + (3 - -20) + 0 + 2.
1
What is the value of 1 + 4 + 3 - (10 + -7)?
5
What is -10 - ((-2 - (8 - 4)) + 8)?
-12
What is the value of -12 + 29 + 1 + -19?
-1
Evaluate (0 - (5 - 5 - 1)) + -8.
-7
(5 - 26) + 21 + -2 + 4 + -15
-13
-1 - -1 - (-10 + 17)
-7
Evaluate -4 + (-3 - (0 - 3 - 2)) + -6.
-8
4 - (-7 - (-3 + 1 + -4)) - 18
-13
Evaluate (18 - 14) + (20 - 4).
20
What is the value of 4 + -7 + 3 + 25 + -2?
23
What is the value of (-1 + 2 - 0) + 46 + -48?
-1
What is the value of (3 + (-1 - -2) - 5) + (32 - 35)?
-4
Calculate (-8 - -24) + -12 + (-1 + 0 - -34).
37
What is the value 